(-3)?
0
Let h(j) = j**2 - 4*j + 4. What is h(7)?
25
Let v(u) = -31*u - 16. Determine v(-1).
15
Let p(i) = 8*i + 62. Give p(-10).
-18
Let y(c) = c**3 - 14*c**2 + 16*c - 7. What is y(13)?
32
Let j(z) = -5*z. Calculate j(1).
-5
Let o(w) = -w**3 - 6*w**2 + 12*w + 5. What is o(-8)?
37
Let n(b) = -b**3 + 2*b**2 - 2*b - 3. Determine n(3).
-18
Let l(t) = 4*t + 15. Calculate l(-11).
-29
Let a(b) = 5*b - 14. Determine a(-2).
-24
Let h(z) = z**3 - 6*z**2 - 11*z + 3. Give h(-2).
-7
Let k(y) = 2*y**2 + 114*y - 10. Give k(-57).
-10
Let m(s) = s**2 + 20*s + 57. Determine m(-17).
6
Let k(l) = 2*l + 16. What is k(-5)?
6
Let x(t) = -t**3 + 9*t**2 - 13*t + 1. Give x(7).
8
Let v(n) = 36*n. What is v(-1)?
-36
Let p(u) = -u**3 + 9*u**2 - 10*u + 38. What is p(8)?
22
Let q(m) = -m**2 + 33*m + 35. Give q(34).
1
Let w(y) = -y**2 + 7*y + 1. What is w(10)?
-29
Let a(f) = f**2 + 2*f + 17. Determine a(0).
17
Let f(d) = d - 7. Determine f(9).
2
Let b(s) = 4*s + 3. Give b(-3).
-9
Let m(n) = 2*n**2 + 35*n + 47. What is m(-16)?
-1
Let l(v) = 16*v**2 + v + 2. Determine l(-1).
17
Let h(d) = 25*d**3 + d**2 + d - 1. Give h(1).
26
Let w(c) = c**2 - 14*c + 13. Determine w(10).
-27
Let z(t) = t**3 + 26*t**2 + 23*t - 56. What is z(-25)?
-6
Let d(h) = -3*h - 6. Determine d(-1).
-3
Let w(q) = 12*q**3 - q**2 - 2*q. What is w(-1)?
-11
Let q(o) = o**2 - 59*o + 217. Calculate q(4).
-3
Let p(o) = -o**3 - 9*o**2 - 8*o + 1. What is p(-8)?
1
Let o(d) = -2*d**2 - 16*d - 8. Determine o(-6).
16
Let v(d) = -d**3 - 10*d**2 + 18*d + 14. Give v(-12).
86
Let z(l) = 4*l - 37. Determine z(10).
3
Let k(f) = -f**3 - 13*f**2 - 12*f + 22. Calculate k(-12).
22
Let j(f) = f**3 - 4*f**2 + 6*f + 3. Give j(3).
12
Let z(b) = -b**3 + 15*b**2 - 13*b + 23. Give z(14).
37
Let i(r) = 4*r**2 - 3. Calculate i(2).
13
Let c(z) = -2*z**3 + 6*z**2 - 3*z + 3. Give c(3).
-6
Let q(n) = n**2 - 54*n + 291. Calculate q(6).
3
Let y(j) = -j**3 - 10*j**2 - 8*j + 12. Give y(-9).
3
Let u(f) = -f**2 + 7*f - 6. Give u(6).
0
Let l(i) = i**2 - 10*i - 1. Determine l(7).
-22
Let r(z) = -11*z - 5. Calculate r(5).
-60
Let a(w) = -w**2 + 3*w + 4. Calculate a(5).
-6
Let h(s) = s**2 + 9*s - 26. What is h(-12)?
10
Let n(g) = 2*g + 13. What is n(4)?
21
Let n(o) = -o**2 - 3*o + 21. What is n(3)?
3
Let y(g) = 61*g**2 - 5*g + 5. Determine y(1).
61
Let k(x) = -2*x**2 + 4*x - 4. Give k(7).
-74
Let x(t) = 13*t + 471. What is x(-37)?
-10
Let k(c) = c**3 - 20*c**2 + 35*c - 13. Determine k(18).
-31
Let m(q) = -4*q**2 + 2*q. What is m(2)?
-12
Let g(z) = -9*z - 3. Calculate g(0).
-3
Let x(b) = -b**3 + 4*b**2 + 16*b - 15. Give x(6).
9
Let b(w) = -w**2 - 9*w - 2. What is b(-8)?
6
Let u(l) = l**3 + 6*l**2 + 9*l - 2. Calculate u(-4).
-6
Let d(j) = -j**2 + j + 6. What is d(-3)?
-6
Let y(u) = -23*u + 1. What is y(-1)?
24
Let y(b) = 7*b - 5. Determine y(-7).
-54
Let j(g) = -g**3 - 3*g**2 + 7*g. What is j(-5)?
15
Let d(s) = -s**3 - 28*s**2 + 21. Determine d(-28).
21
Let r(c) = -c**3 + c**2 + c - 3. Determine r(4).
-47
Let k(z) = z**2 + 16*z + 55. Give k(-13).
16
Let t(f) = 2*f - 21. Determine t(8).
-5
Let l(b) = 4*b**2 - 3*b + 4. What is l(3)?
31
Let t(p) = p**3 + 10*p**2 + 6*p - 22. What is t(-9)?
5
Let u(j) = j**3 + j**2 - 4*j + 3. Give u(2).
7
Let b(j) = -j**2 + 40*j - 17. Determine b(40).
-17
Let d(h) = -h**2 - 6*h - 32. Determine d(-13).
-123
Let n(h) = 9*h + 110. What is n(-13)?
-7
Let i(x) = -2*x - 17. Calculate i(-3).
-11
Let m(b) = -b**2 - 14*b + 46. Determine m(-17).
-5
Let y(q) = 3*q**2 + q - 2. Calculate y(-3).
22
Let v(x) = -x + 12. Give v(4).
8
Let p(h) = -h**2 - 21*h + 11. Give p(-17).
79
Let n(z) = z**2 + 5*z - 77. Give n(7).
7
Let a(z) = -z**3 - 8*z**2 - 4*z + 4. What is a(-7)?
-17
Let l(o) = -o**3 - 3*o**2 + 6*o + 17. Give l(-4).
9
Let v(r) = r**2 + 6*r - 10. Give v(-7).
-3
Let d(r) = -r**3 - 7*r**2 - 10*r - 8. Give d(-6).
16
Let a(r) = r**3 - 7*r**2 + 5*r + 6. What is a(6)?
0
Let i(c) = -2*c - 3. Give i(-2).
1
Let m(b) = -2*b**2 + 20*b + 192. Calculate m(16).
0
Let r(d) = d**3 + 6*d**2 - 22*d - 102. Calculate r(-7).
3
Let n(d) = -d**3 + 10*d**2 - 10*d + 6. Determine n(9).
-3
Let v(i) = -6*i + 7. What is v(5)?
-23
Let d(a) = -a**3 + 16*a**2 - 3*a + 32. Determine d(16).
-16
Let c(z) = z**2 + 5*z - 2. Calculate c(3).
22
Let q(c) = -c**2 + 21*c - 34. Give q(14).
64
Let c(n) = 2*n + 8. Give c(11).
30
Let z(o) = -10*o**2. What is z(-2)?
-40
Let k(q) = -q - 1. Determine k(-12).
11
Let o(h) = h**3 + 13*h**2 + 12*h - 12. Calculate o(-12).
-12
Let q(g) = -g - 5. Calculate q(-18).
13
Let a(l) = 2*l**2 - l - 5. Calculate a(3).
10
Let y(h) = -h**2 - 12*h + 56. Calculate y(-15).
11
Let d(h) = h**3 + 14*h**2 + 25*h - 23. Give d(-12).
-35
Let w(y) = -57*y**2 + 4*y - 4. What is w(1)?
-57
Let n(b) = b**2 + 6*b + 2. Give n(-6).
2
Let z(c) = -c**3 - 20*c**2 - 17*c + 39. Determine z(-19).
1
Let d(g) = -g**2 - 17*g - 18. Calculate d(-16).
-2
Let u(r) = -6*r**3 + 2*r**2 - 21*r - 2. Calculate u(0).
-2
Let g(m) = -36*m + 440. Determine g(12).
8
Let h(r) = -7*r - 369. Determine h(-54).
9
Let g(n) = -n**3 + 14*n**2 + 16*n - 11. Calculate g(15).
4
Let f(z) = -2*z**3 - 3*z**2 + 7*z + 1. Give f(-3).
7
Let n(s) = -s**2 + 9*s - 10. Give n(8).
-2
Let f(a) = -100*a**3 - 3*a - 4. What is f(-1)?
99
Let b(f) = -10*f**3 + 2*f**2 - 4*f + 2. Give b(1).
-10
Let a(c) = c + 16. Calculate a(-19).
-3
Let i(t) = t**3 - 20*t**2 - 24*t + 66. Determine i(21).
3
Let q(l) = -4*l + 12. What is q(4)?
-4
Let a(j) = -7*j + 57. Determine a(9).
-6
Let i(m) = -7*m**2 + 11*m - 27. What is i(4)?
-95
Let s(r) = -r + 4. Give s(13).
-9
Let h(i) = -11*i - 7. What is h(-5)?
48
Let y(k) = k**2 + 8*k - 20. What is y(-10)?
0
Let c(l) = l**3 - 2*l**2 + 12*l - 26. Determine c(2).
-2
Let a(n) = -n**3 + 13*n**2 - 9*n - 11. Calculate a(12).
25
Let r(f) = -5*f + 3. Determine r(7).
-32
Let u(h) = h**2 + 3*h - 13. Calculate u(-6).
5
Let q(d) = -48*d - 244. Determine q(-5).
-4
Let l(r) = -26*r**3 - 2*r**2 + 5*r - 1. Give l(1).
-24
Let o(s) = -s**2 - 12*s - 24. Calculate o(-13).
-37
Let p(h) = 9*h - 89. Determine p(10).
1
Let s(u) = -2*u**2 - 49*u + 41. Calculate s(-25).
16
Let c(y) = y**2 - y. Determine c(-3).
12
Let n(q) = -4*q**2 - q. What is n(2)?
-18
Let d(h) = -8*h + 19. What is d(3)?
-5
Let i(t) = -t**2 - 11*t + 8. What is i(-11)?
8
Let a(g) = 2*g**3 - g**2 - 3*g. Give a(2).
6
Let v(p) = -13*p - 72. Give v(-6).
6
Let p(t) = 20*t - 118. Give p(7).
22
Let h(n) = -n**2 - 4*n + 2. Determine h(-6).
-10
Let f(y) = y**3 - 4*y**2 - 17*y + 62. Give f(5).
2
Let m(l) = -l**2 + 7*l + 2. Give m(0).
2
Let y(d) = -249*d + 1502. Calculate y(6).
8
Let t(u) = u**3 + 11*u**2 + 5*u + 20. What is t(-11)?
-35
Let m(h) = -6*h**3 + 3*h**2 + 10*h - 12. Calculate m(1).
-5
Let t(l) = -l**3 + 6*l**2 + 7*l + 8. Determine t(7).
8
Let l(u) = 7*u - 36. Determine l(6).
6
Let m(b) = 26*b**2 - 2*b + 1. What is m(1)?
25
Let u(w) = -14*w + 30. Give u(0).
30
Let o(a) = -4*a**3 - 3*a**2 + 3*a. What is o(-2)?
14
Let l(c) = c**2 - 7*c + 9. Give l(3).
-3
Let m(q) = -6*q**2 + 2. Calculate m(-2).
-22
Let r(h) = h**3 + 7*h**2 - 7*h - 10. What is r(-8)?
-18
Let n(k) = -k**2 + 2*k + 5. Calculate n(7).
-30
Let n(i) = i**3 - i**2 + i - 8. Give n(0).
-8
Let m(k) = k - 9. What is m(19)?
10
Let t(s) = 2*s**2 - 17*s - 16. Give t(9).
-7
Let u(r) = -r**2 - r - 11. What is u(0)?
-11
Let x(m) = -m**3 + 2*m**2 + 4*m + 13. Calculate x(6).
-107
Let w(l) = -2*l**2 + 15*l - 7. Give w(7).
0
Let x(f) = -f**2 + 9*f - 1. Calculate x(7).
13
Let m(k) = 30*k - 1. What is m(-1)?
-31
Let k(f) = f**2 + 10*f - 21. Give k(4).
35
Let p(g) = -g**2 + 10*g - 8. Calculate p(8).
8
Let p(l) = l**3 + 5*l**2 - l - 9. What is p(-5)?
-4
Let w(i) = -i**2 + 2. Give w(6).
-34
Let t(a) = -3*a**3 - 2*a**2 + 2*a + 4. Determine t(-2).
16
Let f(k) = k - 14. What is f(16)?
2
Let s(v) = -v**3 + 14*v**2 + 17*v - 32. Give s(15).
-2
Let z(f) = -13*f - 10. Determine z(-3).
29
Let g(c) = -6*c + 10. Give g(5).
-20
Let b(a) = -6*a - 29. Determine b(-5).
1
Let h(g) = -2*g**3 + 4*g**2 - g + 3. Calculate h(3).
-18
Let t(a) = a**3 - a**2 - 1. Determine t(-3).
-37
Let i(h) = -6*h + 79. Determine i(14).
-5
Let t(r) = -3*r + 10. Give t(9).
-17
Let c(s) = -s**2 + 28*s - 158. What is c(8)?
2
Let f(p) = -p**2 + 13*p + 62. Give f(16).
14
Let a(c) = c**3 + 8*c**2 + 12*c + 4. What is a(-6)?
4
Let m(l) = l**2 + l + 12. Determi